 Is h(f) composite?
True
Let g = -45 + 48. Suppose -707 - 1240 = -g*v. Is v a prime number?
False
Let k = -20 - -28. Suppose k + 0 = 2*c. Suppose -s - 1 = -3, c*n + 2*s = 480. Is n composite?
True
Let v = 3 - 2. Let f = -3 - v. Is (-2)/(-4) - 122/f prime?
True
Is 7/((-42)/(-785928)) - -3 composite?
True
Let o(l) = -8*l**2 + 16*l - 1. Let j(a) = a**3 + a**2 - 1. Let n(i) = -2*j(i) + o(i). Is n(-11) a prime number?
True
Let l(k) = -k**3 + 3*k**2 + k + 1. Suppose 4 = 4*y - 8. Let n be l(y). Suppose 0 = n*q - 75 - 193. Is q a composite number?
False
Let q(a) = -a + 158*a**2 + 1 + 0 - 5 + 2. Is q(-1) a prime number?
True
Let m(v) = v**3 - 5*v**2 + 12*v + 11. Let t(o) = 3*o**3 - 16*o**2 + 37*o + 33. Let r(u) = 7*m(u) - 2*t(u). Is r(9) composite?
False
Suppose 3*x + 3228 = -4*j + 7*j, -2*j + 3*x + 2155 = 0. Is j a composite number?
True
Suppose -2*d - 6575 = -0*d + y, 4*d + 5*y + 13147 = 0. Is -7*(d/(-28))/(-3) prime?
False
Suppose 56*w + 12 = 53*w. Is (235/2)/(w/(-8)) a prime number?
False
Let t(p) be the second derivative of -47*p**3/2 + 9*p**2/2 + 19*p. Is t(-8) a composite number?
True
Let k(m) = 19*m + 38. Let p be k(18). Suppose 19*y - 23*y + p = 0. Is y a composite number?
True
Suppose 12*l - 909 = 1551. Is l composite?
True
Suppose -67070 = 2*w + 3*w. Is (1/(-2))/(w/1916 - -7) a prime number?
True
Suppose 0 = -2*s + 4*b + 20, 2*b - b + 54 = 4*s. Let o be -2 + -1 + 1663 - 0. Is o/s - 15/(-35) composite?
True
Suppose -s = -396 - 801. Let j = s + -474. Is j a prime number?
False
Let x(n) = -5510*n**3 + 3*n**2 - n - 1. Is x(-1) a prime number?
False
Suppose 42 - 39 = s, 0 = -5*n + 3*s + 17696. Is n prime?
True
Suppose 2*h - 27 = -h. Suppose h*q = 1884 + 3795. Is q prime?
True
Let h = -104 + 105. Let o(j) = 2189*j**2 + 5*j - 3. Is o(h) prime?
False
Is -5 + (819 - -5)*227 composite?
False
Suppose -5*y - 61 + 208 = 2*r, -5*r = 4*y - 104. Let s = 57 - y. Suppose i + 2*i - 78 = 4*u, s = i + u. Is i a composite number?
True
Let d(y) = y**3 + 54*y**2 - 77*y + 11. Is d(-32) a prime number?
False
Suppose -4*f + 2*n = -25538 - 27354, 13223 = f + 4*n. Is f a composite number?
True
Let y be 3 - 0/(-2 + 3). Let s be (1/(y/(-426)))/(-2). Let w = 126 - s. Is w composite?
True
Suppose 3*i = 3*w - 12678, -i = -3*w - 2956 + 15640. Is w a composite number?
False
Suppose -n + 7 = -40. Suppose -w + 844 = n. Is w a composite number?
False
Suppose -5820 = -6*t + 294. Is t a prime number?
True
Let n(x) = 93*x**2 - 2*x + 131. Is n(-16) composite?
False
Let f(r) = 21*r**3 - 7*r**2 - 3*r + 33. Let t(c) = -11*c**3 + 4*c**2 + 2*c - 17. Let p(d) = 6*f(d) + 11*t(d). Is p(6) a prime number?
True
Suppose -10*x + 19*x = 163503. Is x a prime number?
False
Is (335205/63 + 11)/((-4)/(-14)) prime?
True
Suppose 5*j + 11 = i, -i + 2*i + j - 11 = 0. Suppose 15*n - 1068 = i*n. Is n a prime number?
False
Let c(k) = k**3 + k**2 - 8*k - 7. Let p be c(-5). Is (-3)/18 - p/6 a composite number?
False
Let c be 4/(-18) - 196/9. Let g = 61 - c. Suppose g - 4 = j. Is j prime?
True
Suppose -3*g = -g - 2. Let f(i) = i**3 - 7*i**2 - 23*i - 19. Let l be f(10). Is g + l*4/6 a composite number?
True
Let j = 55 + -50. Suppose j*x - 3*y = 4536 + 71, 0 = -2*x + 3*y + 1850. Is x a prime number?
True
Suppose 4*c + 12 = 5*c - 3*j, 0 = -5*c - j + 44. Suppose -2*a + 1573 = -y + 4*y, 3*y = -c. Is a composite?
True
Let x(v) = -v**3 + 10*v**2 + 10*v + 52. Is x(-11) a composite number?
True
Let u(m) = -15*m**3 - m**2 + 6*m - 2. Let v be u(4). Suppose 44*r - 110800 = -36*r. Let g = v + r. Is g a composite number?
False
Is 165/(-10)*58/(-3) a composite number?
True
Suppose -4*y - 4649 = -11653. Is y a composite number?
True
Suppose 0 = 17*k + 122 + 286. Is (k/(-4) - -2011) + (2 - 0) a composite number?
True
Let s = 24 + -27. Let k(m) = -3*m**3 + 2*m**2 - 8*m. Let r(j) = 3*j**3 - 2*j**2 + 9*j + 1. Let n(b) = s*k(b) - 4*r(b). Is n(-5) composite?
True
Suppose 36*s = 38*s - 12106. Is s prime?
True
Suppose -23*c + 1559996 + 332030 = 0. Is c composite?
True
Is -8*1 - (-27 + -11572) a composite number?
True
Let l(d) = -396*d - 213. Is l(-14) a prime number?
False
Let b be -1 - -3*(-5 + 4). Let z(n) = -9*n**3 - 4*n**2 - n - 7. Is z(b) a prime number?
True
Suppose 199*q - 531390 = 169*q. Is q a prime number?
True
Let y(h) = 5*h**2 + h. Let x be y(-2). Suppose 0 = 3*c - 6*c - x. Is ((-3)/c)/((-2)/(-1228)) prime?
True
Suppose -m - 84465 = -5*s, -5*s + 5*m - 7*m = -84480. Is s a prime number?
False
Let l(p) = -p**2 + 7*p + 8779. Is l(0) a prime number?
True
Let d(w) = 22*w**2 + 5*w + 1. Let o be (-2 - -3)/(9/45). Suppose 3*h = o*h + 12. Is d(h) a composite number?
True
Let z = -502 + 1055. Suppose -k = o + 3*k - z, o - 3*k - 588 = 0. Is o a prime number?
False
Suppose 7*c = 16*c - 7587. Suppose -2*z = c - 3901. Is z composite?
True
Is (((-32)/14)/4)/(12/(-426342)) prime?
False
Let z be (-11)/(11/6) - -4. Let p be 4 + -2 + z/(-2). Suppose w = -p*w + 1628. Is w a prime number?
False
Let s = -540 - -3401. Is s a composite number?
False
Let j be 0*(8/20)/(16/(-20)). Suppose j = -11*y + 2099 - 42. Is y a prime number?
False
Let p(m) = 1454*m**2 + m - 1. Let a be p(1). Let g = a + -823. Is g prime?
True
Let o(t) be the first derivative of 23*t**5/10 + t**4/6 - t**2/2 - 11*t + 9. Let q(w) be the first derivative of o(w). Is q(1) prime?
True
Suppose -11*s + 13*s = 5*d + 738, -s = 3*d - 391. Is s a composite number?
False
Suppose 3*b - 17 = -4*r, -5*r + 8*r = b + 3. Suppose 3*h + 26 = r*j, -19 = -5*j - 3*h + 4. Suppose -j*u + 941 = -417. Is u prime?
False
Suppose 2*q - 2*c = 5*q - 19865, -2*c = -4*q + 26496. Suppose 7*r = q - 232. Is r a prime number?
False
Let m = -36207 + 73616. Is m prime?
True
Suppose 14*z + 2288 = 6*z. Let i be -195 + -1 + 2 + -1. Let p = i - z. Is p composite?
True
Let t be (-4436)/(-8) - (-2)/4. Suppose -n - 4*n = -1820. Let x = t - n. Is x composite?
False
Let u(m) = 60*m**2 - 18*m + 14. Let z be u(6). Is z/3 + (-2)/(-6) a composite number?
True
Let s be 430*1 + (0 - (-3 - -4)). Let f = s + -274. Is f a composite number?
True
Suppose 0 = 5*p + 3*o - 44650, -23*p + 26761 = -20*p - 4*o. Is p a prime number?
False
Suppose 0 = 5*o + 2*c - 5537, 2 - 6 = c. Is o prime?
True
Let j(g) be the first derivative of g**4/2 - 2*g**3/3 - 4*g**2 + 3*g + 2. Is j(5) a composite number?
False
Let o(b) = 10*b**2 - b - 2. Let v be o(2). Suppose 0 = y - m + 81, 4*m = -2*y + 44 - 218. Let l = v - y. Is l composite?
True
Let h be ((-7)/(-4))/((-2)/(-56)). Suppose -161 = -3*i - 2*m, -5*i + 3*m - h = -6*i. Is i a prime number?
False
Let k(g) = 6*g**2 - 9*g - 5. Suppose s - 8 = -3*o + 2*o, 0 = 3*s. Is k(o) a composite number?
False
Let o be (-4)/7*(-14)/4. Suppose -o*v = v - 8949. Is v composite?
True
Let h = -15576 - -49979. Is h prime?
True
Let p = -1616 - -2275. Is p a prime number?
True
Suppose -3*s + 0*s = -12. Let f be 0/1 - (s + -7). Let c(u) = -u**3 + 5*u**2 - u - 4. Is c(f) composite?
False
Let b(h) be the first derivative of h**2/2 + 3*h - 1. Let w be b(0). Suppose w*c = -2*c + 175. Is c prime?
False
Suppose 7*b - 9*b + 26 = 0. Suppose f = 90 - b. Is f a composite number?
True
Let h(q) = 36*q**2 + 18*q - 11. Is h(-15) a composite number?
True
Let n(w) = -2*w**2 - 148*w - 78. Let x be n(-63). Suppose 4*s - 771 = -3511. Let f = s + x. Is f a prime number?
False
Let o(a) be the second derivative of 29*a**7/840 - a**6/360 - 2*a**4/3 + 7*a. Let y(c) be the third derivative of o(c). Is y(1) a composite number?
True
Suppose -5*o = -5*t + 74 - 19, 0 = -5*o + 2*t - 58. Let w(g) = -33*g + 3 - 5 - 5 + 8*g. Is w(o) a prime number?
True
Let i = 24 - 31. Let z(h) = -h**3 - 4*h**2 + 3*h + 23. Is z(i) a composite number?
False
Let i(s) = -s**3 + 12. Let u be i(0). Let x(z) = -z**3 + 18*z**2 - 17*z + 37. Is x(u) prime?
False
Suppose 5 = -o + 7. Is 233/((o/12)/1) - 1 prime?
False
Let c(x) = -4*x**3 + 7. Let l(f) = 5*f**3 + f**2 - f - 7. Let g(z) = 6*c(z) + 5*l(z). Let t be g(-6). Suppose j = t + 12. Is j composite?
False
Suppose 0 = 7*n - 35613 - 9082. Is n a prime number?
False
Let u(b) = 4*b**2 + 46*b + 61. Is u(-49) a prime number?
True
Suppose 26*j - 45494 - 25772 = 0. Is j a prime number?
True
Let t(g) = -g**2 + 6*g. Let j(a) = 2*a - 13. Let v be j(9). Let z be t(v). Suppose -z*l + 957 = -2*l. Is l prime?
False
Suppose 0*x - 211 = -x. Su